{"id":377,"date":"2022-01-05T10:04:31","date_gmt":"2022-01-05T09:04:31","guid":{"rendered":"http:\/\/businessteps.pl\/?post_type=product&#038;p=377"},"modified":"2023-05-11T15:13:23","modified_gmt":"2023-05-11T13:13:23","slug":"ulga-dla-klasy-sredniej-dokumenty-do-wniosku-o-niepobieranie","status":"publish","type":"product","link":"https:\/\/businessteps.pl\/?product=ulga-dla-klasy-sredniej-dokumenty-do-wniosku-o-niepobieranie","title":{"rendered":"***GRATIS*** Ulga dla klasy \u015bredniej &#8211; dokumenty do wniosku o niepobieranie"},"content":{"rendered":"<p>Aby z\u0142o\u017cy\u0107 wniosek o niepobranie ulgi dla klasy \u015bredniej, nale\u017cy wype\u0142ni\u0107 i z\u0142o\u017cy\u0107 za\u0142\u0105czone dokumenty:<\/p>\n<ul>\n<li>Formularz PIT-2<\/li>\n<li>Wniosek o niepobieranie ulgi dla kasy \u015bredniej<\/li>\n<\/ul>\n<p>Po zakupie\u00a0<strong>otrzymasz mailem dost\u0119p do plik\u00f3w w formacie word<\/strong>, otwartych do edycji, z wyra\u017anie zaznaczonymi miejscami do wype\u0142nienia przez Ciebie (dane firmy itp.)<\/p>\n<p>Pliki nale\u017cy zapisa\u0107 na swoim dysku, klikaj\u0105c prawym przyciskiem myszy i wybieraj\u0105c z menu opcj\u0119: \u201ezapisz link jako\u201d.<\/p>\n<h4>Przeczytaj uwa\u017cnie tre\u015b\u0107\u00a0 um\u00f3w i dostosuj dane firmy i szczeg\u00f3\u0142y do swoich potrzeb!<\/h4>\n","protected":false},"excerpt":{"rendered":"<h4 data-removefontsize=\"true\" data-originalcomputedfontsize=\"16\">W 2022 roku wesz\u0142y nowe zasady naliczania wynagrodze\u0144 tj mo\u017cliwo\u015b\u0107 comiesi\u0119cznego zastosowania tzw &#8222;ulgi dla klasy \u015bredniej&#8221; dla pracownik\u00f3w, kt\u00f3rych wynagrodzenie miesi\u0119czne brutto wynosi od 5 701 z\u0142 do 11 140 z\u0142.<\/h4>\n<div style=\"font-family: -apple-system, HelveticaNeue; font-style: normal; font-weight: normal; letter-spacing: normal; text-align: start; text-indent: 0px; text-transform: none; text-decoration: none; font-size: 1rem;\" data-removefontsize=\"true\" data-originalcomputedfontsize=\"16\"><\/div>\n<blockquote><p>Ulga ta mo\u017ce by\u0107 te\u017c rozliczona jednorazowo w rozliczeniu rocznym PIT-37.<\/p><\/blockquote>\n<div style=\"font-family: -apple-system, HelveticaNeue; font-style: normal; font-weight: normal; letter-spacing: normal; text-align: start; text-indent: 0px; text-transform: none; text-decoration: none; font-size: 1rem;\" data-removefontsize=\"true\" data-originalcomputedfontsize=\"16\"><\/div>\n<div data-removefontsize=\"true\" data-originalcomputedfontsize=\"16\">W zwi\u0105zku z tym, \u017ce przepisy s\u0105 niejednoznaczne rekomendujemy o wype\u0142nienie przez pracownik\u00f3w wniosku o niepobieranie ulgi dla klasy \u015bredniej.<\/div>\n<div data-removefontsize=\"true\" data-originalcomputedfontsize=\"16\"><\/div>\n<div data-removefontsize=\"true\" data-originalcomputedfontsize=\"16\"><\/div>\n<blockquote>\n<div data-removefontsize=\"true\" data-originalcomputedfontsize=\"16\">Uwa\u017camy, \u017ce wniosek taki powinni podpisa\u0107 wszyscy pracownicy etatowi z uwagi na to, \u017ce nigdy nie wiadomo jakim wynikiem finansowym zako\u0144czy si\u0119 rok.<\/div>\n<\/blockquote>\n<div data-removefontsize=\"true\" data-originalcomputedfontsize=\"16\"><\/div>\n<h4 data-removefontsize=\"true\" data-originalcomputedfontsize=\"16\"><span style=\"color: #ff0000;\"><strong>Ulga nie przepadnie, odzyska si\u0119 w rozliczeniu rocznym.<\/strong><\/span><\/h4>\n<div data-removefontsize=\"true\" data-originalcomputedfontsize=\"16\"><\/div>\n<div data-removefontsize=\"true\" data-originalcomputedfontsize=\"16\"><\/div>\n<div data-removefontsize=\"true\" data-originalcomputedfontsize=\"16\">Natomiast gdy w trakcie roku oka\u017ce si\u0119 przekroczenie trzeba b\u0119dzie z zwraca\u0107 podatek.<\/div>\n<div data-removefontsize=\"true\" data-originalcomputedfontsize=\"16\"><\/div>\n<p>&nbsp;<\/p>\n<p>&nbsp;<\/p>\n<h4><\/h4>\n","protected":false},"featured_media":376,"template":"","meta":[],"product_brand":[],"product_cat":[38,19],"product_tag":[43,18,69],"class_list":{"0":"post-377","1":"product","2":"type-product","3":"status-publish","4":"has-post-thumbnail","6":"product_cat-biznes","7":"product_cat-dokumentacja-szkoly-jezykowej","8":"product_tag-biznes","9":"product_tag-dokumentacja","10":"product_tag-prowadzenie-firmy","12":"first","13":"instock","14":"downloadable","15":"shipping-taxable","16":"purchasable","17":"product-type-simple"},"jetpack_sharing_enabled":true,"_links":{"self":[{"href":"https:\/\/businessteps.pl\/index.php?rest_route=\/wp\/v2\/product\/377","targetHints":{"allow":["GET"]}}],"collection":[{"href":"https:\/\/businessteps.pl\/index.php?rest_route=\/wp\/v2\/product"}],"about":[{"href":"https:\/\/businessteps.pl\/index.php?rest_route=\/wp\/v2\/types\/product"}],"wp:featuredmedia":[{"embeddable":true,"href":"https:\/\/businessteps.pl\/index.php?rest_route=\/wp\/v2\/media\/376"}],"wp:attachment":[{"href":"https:\/\/businessteps.pl\/index.php?rest_route=%2Fwp%2Fv2%2Fmedia&parent=377"}],"wp:term":[{"taxonomy":"product_brand","embeddable":true,"href":"https:\/\/businessteps.pl\/index.php?rest_route=%2Fwp%2Fv2%2Fproduct_brand&post=377"},{"taxonomy":"product_cat","embeddable":true,"href":"https:\/\/businessteps.pl\/index.php?rest_route=%2Fwp%2Fv2%2Fproduct_cat&post=377"},{"taxonomy":"product_tag","embeddable":true,"href":"https:\/\/businessteps.pl\/index.php?rest_route=%2Fwp%2Fv2%2Fproduct_tag&post=377"}],"curies":[{"name":"wp","href":"https:\/\/api.w.org\/{rel}","templated":true}]}}