{"id":674,"date":"2023-09-23T09:52:17","date_gmt":"2023-09-23T07:52:17","guid":{"rendered":"https:\/\/businessteps.pl\/?post_type=product&#038;p=674"},"modified":"2025-11-01T12:31:23","modified_gmt":"2025-11-01T11:31:23","slug":"halloween-party-program-zabawy-dla-dzieci-5-10-lat","status":"publish","type":"product","link":"https:\/\/businessteps.pl\/?product=halloween-party-program-zabawy-dla-dzieci-5-10-lat","title":{"rendered":"Halloween Party &#8211; dwa 2-godz. programy zabawy dla dzieci 5-11 lat"},"content":{"rendered":"<h3 class=\"x1heor9g x1qlqyl8 x1pd3egz x1a2a7pz xod5an3 x14vqqas\"><span class=\"x193iq5w xeuugli x13faqbe x1vvkbs x1xmvt09 x1603h9y x1u7k74 xo1l8bm xzsf02u\"><b>Dwa sprawdzone w ubieg\u0142ych latach programy zabawy i warsztat\u00f3w\u00a0 &#8222;Halloween Party&#8221;.<\/b><\/span><\/h3>\n<h4 class=\"x1e56ztr\"><span class=\"x193iq5w xeuugli x13faqbe x1vvkbs x1xmvt09 x6prxxf xvq8zen xo1l8bm xzsf02u\">Programy tematyczne s\u0105 rozplanowane na 2 godziny zabawy.<\/span><\/h4>\n<div><\/div>\n<h4 class=\"x1e56ztr\"><span class=\"x193iq5w xeuugli x13faqbe x1vvkbs x1xmvt09 x6prxxf xvq8zen xo1l8bm xzsf02u\"><b>Opracowane s\u0105 szczeg\u00f3\u0142owo wszystkie zaplanowane aktywno\u015bci:<\/b><\/span><\/h4>\n<ul>\n<li>wraz z instrukcj\u0105 wykonania,<\/li>\n<li>oraz z list\u0105 niezb\u0119dnych materia\u0142\u00f3w i pomocy do ka\u017cdej z nich.<\/li>\n<\/ul>\n<h4>Otrzymujesz gotowe i sprawdzone w akcji propozycje projekt\u00f3w, aktywno\u015bci, a tak\u017ce szczeg\u00f3\u0142owe przepisy na \u0142atwe do wykonania z dzie\u0107mi koszmarne dania:-)<\/h4>\n<div>\n<p><span style=\"font-size: 1.41575em;\">S\u0105 to znakomite propozycje warsztat\u00f3w stacjonarnych dla dzieci &#8211; mo\u017cesz wybra\u0107, kt\u00f3re zrealizujesz &#8211; pomys\u0142\u00f3w jest du\u017co, a wszystkie \u0142atwe w realizacji!<\/span><\/p>\n<\/div>\n<h4 class=\"x1e56ztr\">Zawiera sprawdzone w pracy z dzieciakami pomys\u0142y na zabawy lubiane przez najm\u0142odszych i\u00a0 aktywno\u015bci utrzymane w charakterze Halloween Party.<\/h4>\n<h4 class=\"x1e56ztr\">To gwarancja doskona\u0142ej zabawy!<\/h4>\n","protected":false},"excerpt":{"rendered":"<h4>Przyda Ci si\u0119 dodatkowe \u017ar\u00f3d\u0142o przychodu w Twojej firmie edukacyjnej?<\/h4>\n<h4>Masz baz\u0119 klient\u00f3w-dzieci w wieku 5-11 lat, kt\u00f3rym mo\u017cesz zaoferowa\u0107 dodatkow\u0105, sezonow\u0105 us\u0142ug\u0119?<\/h4>\n<p>U mnie w szkole takie dodatkowe, sezonowe aktywno\u015bci (Halloween Party, Christmas Workshop, Egg Hunt) sprawdzaj\u0105 si\u0119 znakomicie &#8211; generuj\u0105c dodatkowy, <strong>szybki i \u0142atwy doch\u00f3d<\/strong> i przyczyniaj\u0105c si\u0119 do promowania pozytywnego wizerunku miejsca atrakcyjnego dla ma\u0142ych klient\u00f3w.<\/p>\n<hr \/>\n<h4>Oto moja\u00a0 propozycja dla Ciebie:<\/h4>\n<h4><img loading=\"lazy\" decoding=\"async\" class=\"size-thumbnail wp-image-836 alignleft\" src=\"http:\/\/businessteps.pl\/wp-content\/uploads\/2023\/09\/462614897_959354642884237_6623975610298618078_n-150x150.jpg\" alt=\"\" width=\"150\" height=\"150\" srcset=\"https:\/\/businessteps.pl\/wp-content\/uploads\/2023\/09\/462614897_959354642884237_6623975610298618078_n-150x150.jpg 150w, https:\/\/businessteps.pl\/wp-content\/uploads\/2023\/09\/462614897_959354642884237_6623975610298618078_n-324x324.jpg 324w, https:\/\/businessteps.pl\/wp-content\/uploads\/2023\/09\/462614897_959354642884237_6623975610298618078_n-100x100.jpg 100w\" sizes=\"auto, (max-width: 150px) 100vw, 150px\" \/> <img loading=\"lazy\" decoding=\"async\" class=\"size-thumbnail wp-image-839 alignleft\" src=\"http:\/\/businessteps.pl\/wp-content\/uploads\/2023\/09\/462703270_959354629550905_647112593941258938_n-150x150.jpg\" alt=\"\" width=\"150\" height=\"150\" srcset=\"https:\/\/businessteps.pl\/wp-content\/uploads\/2023\/09\/462703270_959354629550905_647112593941258938_n-150x150.jpg 150w, https:\/\/businessteps.pl\/wp-content\/uploads\/2023\/09\/462703270_959354629550905_647112593941258938_n-324x324.jpg 324w, https:\/\/businessteps.pl\/wp-content\/uploads\/2023\/09\/462703270_959354629550905_647112593941258938_n-100x100.jpg 100w\" sizes=\"auto, (max-width: 150px) 100vw, 150px\" \/><\/h4>\n<h3><strong>Pakiet dw\u00f3ch program\u00f3w do natychmiastowego zastosowania podczas 2-godzinnego <\/strong><strong>Halloween Party<\/strong><\/h3>\n<h4>Podaj\u0119 Ci wszystko, co niezb\u0119dne do organizacji takiej imprezy na tacy!<\/h4>\n<ul>\n<li><span style=\"color: #ff0000;\"><strong>Nie musisz przedziera\u0107 si\u0119 przez g\u0105szcz pomys\u0142\u00f3w, szuka\u0107 inspiracji i kombinowa\u0107 <\/strong><\/span> &#8211; to wszystko zrobi\u0142am za Ciebie i otrzymujesz gotowe pomys\u0142y do wykonania. Sprawdzone w akcji z dzieciakami w ubieg\u0142ych latach!<\/li>\n<li class=\"x1e56ztr\"><span class=\"x193iq5w xeuugli x13faqbe x1vvkbs x1xmvt09 x6prxxf xvq8zen xo1l8bm xzsf02u\"><span style=\"color: #ff0000;\"><strong>Nie ma wymys\u0142\u00f3w z kosmosu<\/strong><\/span>, zawsze staram si\u0119 wykorzystywa\u0107 materia\u0142y og\u00f3lnie dost\u0119pne &#8211; aby tworzy\u0107 z dzie\u0107mi projekty atrakcyjne i ciekawe, ale nie za miliony lub wymagaj\u0105ce szczeg\u00f3lnych umiej\u0119tno\u015bci.<\/span><\/li>\n<\/ul>\n<p><span style=\"color: #3366ff; font-size: 1.41575em;\">Dostajesz gotowy do u\u017cycia program &#8211; drukujesz i realizujesz:-)<\/span><\/p>\n<div>\n<hr \/>\n<\/div>\n<h3>Po zaksi\u0119gowaniu kwoty otrzymasz dost\u0119p do materia\u0142\u00f3w na podany mail.<\/h3>\n<div>\n<div><\/div>\n<\/div>\n<div><\/div>\n<div><\/div>\n","protected":false},"featured_media":882,"template":"","meta":[],"product_brand":[],"product_cat":[89,87,85,15],"product_tag":[84,96,94,82,83,88,50,80,86,95],"class_list":{"0":"post-674","1":"product","2":"type-product","3":"status-publish","4":"has-post-thumbnail","6":"product_cat-materialy","7":"product_cat-materialy-dydaktyczne","8":"product_cat-pakiety-warsztatowe","9":"product_cat-top","10":"product_tag-gotowce","11":"product_tag-gry-na-halloween","12":"product_tag-halloween","13":"product_tag-lato","14":"product_tag-materialy","15":"product_tag-materialy-dydaktyczne","16":"product_tag-polkolonie","17":"product_tag-program-polkolonii","18":"product_tag-warsztaty-dla-dzieci","19":"product_tag-zabawy-na-halloween","21":"first","22":"instock","23":"downloadable","24":"shipping-taxable","25":"purchasable","26":"product-type-simple"},"jetpack_sharing_enabled":true,"_links":{"self":[{"href":"https:\/\/businessteps.pl\/index.php?rest_route=\/wp\/v2\/product\/674","targetHints":{"allow":["GET"]}}],"collection":[{"href":"https:\/\/businessteps.pl\/index.php?rest_route=\/wp\/v2\/product"}],"about":[{"href":"https:\/\/businessteps.pl\/index.php?rest_route=\/wp\/v2\/types\/product"}],"wp:featuredmedia":[{"embeddable":true,"href":"https:\/\/businessteps.pl\/index.php?rest_route=\/wp\/v2\/media\/882"}],"wp:attachment":[{"href":"https:\/\/businessteps.pl\/index.php?rest_route=%2Fwp%2Fv2%2Fmedia&parent=674"}],"wp:term":[{"taxonomy":"product_brand","embeddable":true,"href":"https:\/\/businessteps.pl\/index.php?rest_route=%2Fwp%2Fv2%2Fproduct_brand&post=674"},{"taxonomy":"product_cat","embeddable":true,"href":"https:\/\/businessteps.pl\/index.php?rest_route=%2Fwp%2Fv2%2Fproduct_cat&post=674"},{"taxonomy":"product_tag","embeddable":true,"href":"https:\/\/businessteps.pl\/index.php?rest_route=%2Fwp%2Fv2%2Fproduct_tag&post=674"}],"curies":[{"name":"wp","href":"https:\/\/api.w.org\/{rel}","templated":true}]}}