{"id":706,"date":"2023-11-09T17:10:53","date_gmt":"2023-11-09T16:10:53","guid":{"rendered":"https:\/\/businessteps.pl\/?post_type=product&#038;p=706"},"modified":"2023-11-13T14:07:16","modified_gmt":"2023-11-13T13:07:16","slug":"polarna-ekspedycja-do-krainy-lodu-program-zimowych-warsztatow-dla-dzieci-5-10-lat","status":"publish","type":"product","link":"https:\/\/businessteps.pl\/?product=polarna-ekspedycja-do-krainy-lodu-program-zimowych-warsztatow-dla-dzieci-5-10-lat","title":{"rendered":"Polarna ekspedycja do krainy lodu-program zimowych warsztat\u00f3w dla dzieci 5-10 lat"},"content":{"rendered":"<h3 class=\"x1e56ztr\"><span class=\"x193iq5w xeuugli x13faqbe x1vvkbs x1xmvt09 x6prxxf xvq8zen xo1l8bm xzsf02u\">Jak konkretnie przedstawia si\u0119 5-dniowy program <span style=\"color: #149ac7;\"><strong><span class=\"OYPEnA text-decoration-none text-strikethrough-none\">Polarna\u00a0<\/span><span class=\"OYPEnA text-decoration-none text-strikethrough-none\">ekspedycja\u00a0<\/span><\/strong><span class=\"OYPEnA text-decoration-none text-strikethrough-none\"><strong>do krainy lodu<\/strong>?<\/span><\/span><\/span><\/h3>\n<div>\n<h4><span style=\"color: #188dab;\"><b>Dzie\u0144 1 <\/b>W<span class=\"OYPEnA text-decoration-none text-strikethrough-none\">itamy na biegunie<\/span><\/span><\/h4>\n<p><b>Projekty:<\/b><\/p>\n<ul>\n<li style=\"font-weight: 400;\" aria-level=\"1\"><span style=\"font-weight: 400;\">tu baza, jak mnie s\u0142yszysz? Odbi\u00f3r!<\/span><\/li>\n<li style=\"font-weight: 400;\" aria-level=\"1\"><span style=\"font-weight: 400;\">zimowe niebo&#8230; w g\u0119bie!<\/span><\/li>\n<li style=\"font-weight: 400;\" aria-level=\"1\"><span style=\"font-weight: 400;\">mrozem malowane<\/span><\/li>\n<\/ul>\n<p><b>Zabawy:<\/b><\/p>\n<ul>\n<li style=\"font-weight: 400;\" aria-level=\"1\"><span style=\"font-weight: 400;\">zimowe safari<\/span><\/li>\n<li style=\"font-weight: 400;\" aria-level=\"1\"><span style=\"font-weight: 400;\">\u015bniegowe figle<\/span><\/li>\n<li style=\"font-weight: 400;\" aria-level=\"1\"><span style=\"font-weight: 400;\">w krainie Eskimos\u00f3w<\/span><\/li>\n<\/ul>\n<h4><span style=\"color: #188dab;\"><b>Dzie\u0144 2\u00a0<\/b><span style=\"font-weight: 400;\">My si\u0119 zimy nie boimy!<img loading=\"lazy\" decoding=\"async\" class=\"alignright size-thumbnail wp-image-714\" src=\"http:\/\/businessteps.pl\/wp-content\/uploads\/2023\/11\/319797711_834485104324730_9096625903413304023_n-150x150.jpg\" alt=\"\" width=\"150\" height=\"150\" srcset=\"https:\/\/businessteps.pl\/wp-content\/uploads\/2023\/11\/319797711_834485104324730_9096625903413304023_n-150x150.jpg 150w, https:\/\/businessteps.pl\/wp-content\/uploads\/2023\/11\/319797711_834485104324730_9096625903413304023_n-324x324.jpg 324w, https:\/\/businessteps.pl\/wp-content\/uploads\/2023\/11\/319797711_834485104324730_9096625903413304023_n-100x100.jpg 100w\" sizes=\"auto, (max-width: 150px) 100vw, 150px\" \/><\/span><\/span><\/h4>\n<p><b>Projekty:<\/b><\/p>\n<ul>\n<li style=\"font-weight: 400;\" aria-level=\"1\"><span style=\"font-weight: 400;\">w kr\u00f3lewstwie ba\u0142wank\u00f3w<\/span><\/li>\n<li style=\"font-weight: 400;\" aria-level=\"1\"><span style=\"font-weight: 400;\">zakl\u0119ty \u015bwiat lodu<\/span><\/li>\n<li style=\"font-weight: 400;\" aria-level=\"1\"><span style=\"font-weight: 400;\">s\u0142odki smak zimy<\/span><\/li>\n<\/ul>\n<p><b>Zabawy:<\/b><\/p>\n<ul>\n<li style=\"font-weight: 400;\" aria-level=\"1\"><span style=\"font-weight: 400;\">wyprawa na biegun<\/span><\/li>\n<li style=\"font-weight: 400;\" aria-level=\"1\"><span style=\"font-weight: 400;\">jak dobrze nam!<\/span><\/li>\n<li style=\"font-weight: 400;\" aria-level=\"1\"><span style=\"font-weight: 400;\">lustrzane odbicie<\/span><\/li>\n<\/ul>\n<h4><span style=\"color: #008000;\"><span style=\"color: #188dab;\"><b>Dzie\u0144 3<\/b> W pa\u0142acu kr\u00f3lowej \u015bniegu<\/span><\/span><\/h4>\n<p><b>Projekty:<\/b><\/p>\n<ul>\n<li style=\"font-weight: 400;\" aria-level=\"1\"><span style=\"font-weight: 400;\">przego\u0144 zimowy mrok<\/span><\/li>\n<li style=\"font-weight: 400;\" aria-level=\"1\"><span style=\"font-weight: 400;\">tajemnica kryszta\u0142u<\/span><\/li>\n<li style=\"font-weight: 400;\" aria-level=\"1\"><span style=\"font-weight: 400;\">Upa\u0107kani po \u0142okcie!<\/span><\/li>\n<\/ul>\n<p><b>Zabawy:<\/b><\/p>\n<ul>\n<li style=\"font-weight: 400;\" aria-level=\"1\"><span style=\"font-weight: 400;\">mam t\u0119 moc!<\/span><\/li>\n<li style=\"font-weight: 400;\" aria-level=\"1\"><span style=\"font-weight: 400;\">sekret polarnego misia<\/span><\/li>\n<li style=\"font-weight: 400;\" aria-level=\"1\"><span style=\"font-weight: 400;\">chwytaj trolla!<\/span><\/li>\n<\/ul>\n<h4><span style=\"color: #188dab;\"><b>Dzie\u0144 4\u00a0<\/b><span style=\"font-weight: 400;\">Z pingwinem za pan brat<\/span><\/span><\/h4>\n<p><b>Projekty:<\/b><\/p>\n<ul>\n<li style=\"font-weight: 400;\" aria-level=\"1\"><span style=\"font-weight: 400;\">halo, Madagaskar?<\/span><\/li>\n<li style=\"font-weight: 400;\" aria-level=\"1\"><span style=\"font-weight: 400;\">na s\u0142odko&#8230;<\/span><\/li>\n<li style=\"font-weight: 400;\" aria-level=\"1\"><span style=\"font-weight: 400;\">&#8230; czy na s\u0142ono?<\/span><\/li>\n<\/ul>\n<p><b>Zabawy tematyczne:<img loading=\"lazy\" decoding=\"async\" class=\"alignright size-thumbnail wp-image-718\" src=\"http:\/\/businessteps.pl\/wp-content\/uploads\/2023\/11\/330596712_913870850039277_9195271265908928494_n-150x150.jpg\" alt=\"\" width=\"150\" height=\"150\" srcset=\"https:\/\/businessteps.pl\/wp-content\/uploads\/2023\/11\/330596712_913870850039277_9195271265908928494_n-150x150.jpg 150w, https:\/\/businessteps.pl\/wp-content\/uploads\/2023\/11\/330596712_913870850039277_9195271265908928494_n-324x324.jpg 324w, https:\/\/businessteps.pl\/wp-content\/uploads\/2023\/11\/330596712_913870850039277_9195271265908928494_n-100x100.jpg 100w\" sizes=\"auto, (max-width: 150px) 100vw, 150px\" \/><\/b><\/p>\n<ul>\n<li style=\"font-weight: 400;\" aria-level=\"1\"><span style=\"font-weight: 400;\">z kry na kr\u0119<\/span><\/li>\n<li style=\"font-weight: 400;\" aria-level=\"1\"><span style=\"font-weight: 400;\">w jakim fraku chodzi pingwin<\/span><\/li>\n<li style=\"font-weight: 400;\" aria-level=\"1\"><span style=\"font-weight: 400;\">g\u00f3ra lodowa na kursie!<\/span><\/li>\n<\/ul>\n<h4><span style=\"color: #188dab;\"><b>Dzie\u0144 5 <\/b><\/span><span style=\"font-weight: 400;\"><span style=\"color: #188dab;\">Nie tylko na bia\u0142o<\/span><\/span><\/h4>\n<p><b>Projekty:<\/b><\/p>\n<ul>\n<li style=\"font-weight: 400;\" aria-level=\"1\"><span style=\"font-weight: 400;\">dzieci lubi\u0105 misie, misie lubi\u0105 dzieci<\/span><\/li>\n<li style=\"font-weight: 400;\" aria-level=\"1\"><span style=\"font-weight: 400;\">\u0142owcy z\u00f3rz<\/span><\/li>\n<li style=\"font-weight: 400;\" aria-level=\"1\"><span style=\"font-weight: 400;\">\u015bniegowa t\u0119cza<\/span><\/li>\n<\/ul>\n<p><b>Zabawy tematyczne:<\/b><\/p>\n<ul>\n<li style=\"font-weight: 400;\" aria-level=\"1\"><span style=\"font-weight: 400;\">z wizyt\u0105 u skrzydlatych przyjaci\u00f3\u0142<\/span><\/li>\n<li style=\"font-weight: 400;\" aria-level=\"1\"><span style=\"font-weight: 400;\">barwne okruchy dobra<\/span><\/li>\n<li style=\"font-weight: 400;\" aria-level=\"1\"><span style=\"font-weight: 400;\">\u015bnie\u017cna s\u0142odycz<\/span><\/li>\n<\/ul>\n<hr \/>\n<\/div>\n<h4 class=\"x1e56ztr\">Jest to \u015bwietny program na zim\u0119, zawieraj\u0105cy nie tylko ciekawe aktywno\u015bci i zabawy, ale tak\u017ce projekty poszerzaj\u0105ce wiadomo\u015bci dzieci &#8211; poprzez tak uwielbiane przez najm\u0142odszych eksperymenty. Nie brakuje tak\u017ce zabaw na \u015bwie\u017cym powietrzu i kontaktu z natur\u0105.<\/h4>\n","protected":false},"excerpt":{"rendered":"<h4 class=\"x1heor9g x1qlqyl8 x1pd3egz x1a2a7pz xod5an3 x14vqqas\"><span class=\"x193iq5w xeuugli x13faqbe x1vvkbs x1xmvt09 x1603h9y x1u7k74 xo1l8bm xzsf02u\"><b>Pakiet tematyczny warsztat\u00f3w\/p\u00f3\u0142kolonii dla dzieci 5-10 lat.<\/b><\/span><\/h4>\n<div class=\"x1e56ztr\"><span class=\"x193iq5w xeuugli x13faqbe x1vvkbs x1xmvt09 x6prxxf xvq8zen xo1l8bm xzsf02u\"><b>Program tematyczny jest rozplanowany na 5 dni wedle dziennego planu ramowego.<\/b><\/span><\/div>\n<div><\/div>\n<h4 class=\"x1e56ztr\"><span class=\"x193iq5w xeuugli x13faqbe x1vvkbs x1xmvt09 x6prxxf xvq8zen xo1l8bm xzsf02u\"><b>Opracowanych jest szczeg\u00f3\u0142owo pi\u0119\u0107 dni projektowych:<\/b><\/span><\/h4>\n<ul>\n<li class=\"x1e56ztr\"><span class=\"x193iq5w xeuugli x13faqbe x1vvkbs x1xmvt09 x6prxxf xvq8zen xo1l8bm xzsf02u\">ka\u017cdy dzie\u0144 to trzy projekty <\/span><\/li>\n<li class=\"x1e56ztr\"><span class=\"x193iq5w xeuugli x13faqbe x1vvkbs x1xmvt09 x6prxxf xvq8zen xo1l8bm xzsf02u\">i trzy zabawy<\/span><\/li>\n<li>wraz z dok\u0142adn\u0105 instrukcj\u0105 wykonania,<\/li>\n<li>oraz ze szczeg\u00f3\u0142ow\u0105 list\u0105 niezb\u0119dnych materia\u0142\u00f3w i pomocy,<\/li>\n<li>a tak\u017ce zdj\u0119ciami pogl\u0105dowymi ilustruj\u0105cymi projekty i\/lub niezb\u0119dnymi linkami (np. do video obrazuj\u0105cego wykonanie projektu).<\/li>\n<\/ul>\n<div class=\"x1e56ztr\"><span class=\"x193iq5w xeuugli x13faqbe x1vvkbs x1xmvt09 x6prxxf xvq8zen xo1l8bm xzsf02u\"><span style=\"color: #ff0000;\"><strong>Nie ma wymys\u0142\u00f3w z kosmosu<\/strong><\/span>, zawsze staram si\u0119 wykorzystywa\u0107 materia\u0142y og\u00f3lnie dost\u0119pne i niedrogie &#8211; aby tworzy\u0107 z dzie\u0107mi projekty atrakcyjne i ciekawe, ale nie za miliony lub wymagaj\u0105ce szczeg\u00f3lnych umiej\u0119tno\u015bci.<\/span><\/div>\n<div><\/div>\n<div class=\"x1e56ztr\"><span class=\"x193iq5w xeuugli x13faqbe x1vvkbs x1xmvt09 x6prxxf xvq8zen xo1l8bm xzsf02u\">Ponadto udost\u0119pniam <span style=\"color: #ff0000;\"><strong>grafiki reklamowe<\/strong><\/span> (jak obrazek produktu) z pustym miejscem na wstawienie swojego terminu warsztat\u00f3w.<\/span><\/div>\n<div><\/div>\n<div class=\"x1e56ztr\">\n<hr \/>\n<\/div>\n<div>\n<h4 class=\"x1e56ztr\"><\/h4>\n<\/div>\n<h4><strong>Dodatkowe korzy\u015bci!<\/strong><\/h4>\n<div>\n<ul>\n<li class=\"x1e56ztr\"><span class=\"x193iq5w xeuugli x13faqbe x1vvkbs x1xmvt09 x6prxxf xvq8zen xo1l8bm xzsf02u\">\u00a0Do pakiet\u00f3w dorzucam gratis prosty (ale skuteczny)<span style=\"color: #ff0000;\"> <strong>k<\/strong><b>alkulator do wyliczania op\u0142acalno\u015bci\u00a0<\/b><\/span>w pliku xls &#8211; kt\u00f3ry umo\u017cliwia wyliczenie, ile minimum powinna wynosi\u0107 cena dla klienta, aby osi\u0105gn\u0105\u0107 zysk, oraz, je\u015bli potrzebujesz<\/span><\/li>\n<li class=\"x1e56ztr\"><span class=\"x193iq5w xeuugli x13faqbe x1vvkbs x1xmvt09 x6prxxf xvq8zen xo1l8bm xzsf02u\">dorzuc\u0119<span style=\"color: #ff0000;\"> <strong>wz\u00f3r umowy<\/strong> <\/span>z rodzicem na warsztaty.<\/span><\/li>\n<li class=\"x1e56ztr\"><span class=\"x193iq5w xeuugli x13faqbe x1vvkbs x1xmvt09 x6prxxf xvq8zen xo1l8bm xzsf02u\">\u00a0A je\u015bli chcesz je zorganizowa\u0107 w formie p\u00f3\u0142kolonii to otrzymasz ode mnie<a href=\"https:\/\/businessteps.pl\/?product=kompletna-dokumentacja-na-wypoczynek-dzieci-i-mlodziezy\"> <span style=\"color: #ff0000;\"><b>pakiet wymaganej dokumentacji do kuratorium w prezencie.\u00a0<\/b><\/span><\/a><\/span><\/li>\n<\/ul>\n<div class=\"x1e56ztr\"><span class=\"x193iq5w xeuugli x13faqbe x1vvkbs x1xmvt09 x6prxxf xvq8zen xo1l8bm xzsf02u\">Wystarczy, \u017ce po zakupie pakietu klikniesz 'KUP&#8221; pakiet <a href=\"https:\/\/businessteps.pl\/?product=kompletna-dokumentacja-na-wypoczynek-dzieci-i-mlodziezy\">Kompletna dokumentacja wypoczynku dzieci i m\u0142odzie\u017cy.<\/a><\/span><\/div>\n<div><\/div>\n<div class=\"x1e56ztr\"><span class=\"x193iq5w xeuugli x13faqbe x1vvkbs x1xmvt09 x6prxxf xvq8zen xo1l8bm xzsf02u\">Wielokrotnie zg\u0142asza\u0142am wypoczynki do kuratorium, wi\u0119c temat jest mi znany.<\/span><\/div>\n<div><\/div>\n<div>\n<hr \/>\n<\/div>\n<\/div>\n<h3>Po zaksi\u0119gowaniu kwoty otrzymasz dost\u0119p do folderu z materia\u0142ami na Google Drive na podany mail.<\/h3>\n<div>\n<div><\/div>\n<\/div>\n<div><\/div>\n<div><\/div>\n","protected":false},"featured_media":707,"template":"","meta":[],"product_brand":[],"product_cat":[89,87,85,15],"product_tag":[84,82,83,88,50,80,86],"class_list":{"0":"post-706","1":"product","2":"type-product","3":"status-publish","4":"has-post-thumbnail","6":"product_cat-materialy","7":"product_cat-materialy-dydaktyczne","8":"product_cat-pakiety-warsztatowe","9":"product_cat-top","10":"product_tag-gotowce","11":"product_tag-lato","12":"product_tag-materialy","13":"product_tag-materialy-dydaktyczne","14":"product_tag-polkolonie","15":"product_tag-program-polkolonii","16":"product_tag-warsztaty-dla-dzieci","18":"first","19":"instock","20":"virtual","21":"purchasable","22":"product-type-simple"},"jetpack_sharing_enabled":true,"_links":{"self":[{"href":"https:\/\/businessteps.pl\/index.php?rest_route=\/wp\/v2\/product\/706","targetHints":{"allow":["GET"]}}],"collection":[{"href":"https:\/\/businessteps.pl\/index.php?rest_route=\/wp\/v2\/product"}],"about":[{"href":"https:\/\/businessteps.pl\/index.php?rest_route=\/wp\/v2\/types\/product"}],"wp:featuredmedia":[{"embeddable":true,"href":"https:\/\/businessteps.pl\/index.php?rest_route=\/wp\/v2\/media\/707"}],"wp:attachment":[{"href":"https:\/\/businessteps.pl\/index.php?rest_route=%2Fwp%2Fv2%2Fmedia&parent=706"}],"wp:term":[{"taxonomy":"product_brand","embeddable":true,"href":"https:\/\/businessteps.pl\/index.php?rest_route=%2Fwp%2Fv2%2Fproduct_brand&post=706"},{"taxonomy":"product_cat","embeddable":true,"href":"https:\/\/businessteps.pl\/index.php?rest_route=%2Fwp%2Fv2%2Fproduct_cat&post=706"},{"taxonomy":"product_tag","embeddable":true,"href":"https:\/\/businessteps.pl\/index.php?rest_route=%2Fwp%2Fv2%2Fproduct_tag&post=706"}],"curies":[{"name":"wp","href":"https:\/\/api.w.org\/{rel}","templated":true}]}}